 8 + -6.
-3
Calculate 3 + 0 + -1 + -4 + -1.
-3
Evaluate 1 - (9 + -5 + -3).
0
Calculate 12 + (-3 - ((1 - 7) + 6)).
9
What is -198 + 200 + -8 + 0?
-6
Evaluate -8 + (-4 - -11 - 3).
-4
(-1 - -1) + 3 + 2
5
What is the value of -3 - (1 - 7) - (-3 - -2)?
4
-4 + 1 + 0 + 9 + -1
5
What is the value of (-4 - 3 - -9) + -5 + -7?
-10
What is the value of -9 + 11 + -1 + 5?
6
Evaluate -1 + (0 - (-1 + 2)) - 1.
-3
Evaluate 10 - (20 - (19 + -9)).
0
What is the value of -2 + (-1 - 2) - (16 - 23)?
2
Calculate 0 + (9 - (5 - 2)) - 3.
3
What is the value of (1 - 2) + -14 + (43 - 17)?
11
Evaluate (12 - (3 - -2)) + -10.
-3
Evaluate (2 - (6 - 1)) + 4.
1
Calculate (-19 - -25) + -1 + -4.
1
Evaluate 8 - (15 + -9 + 0).
2
Evaluate (-2 - -6) + (-26 - -31) - 4.
5
What is 3 + 1 + 3 + -4 + -2?
1
(16 - 21) + (-1 - -5) - -3
2
Calculate -3 - ((0 - (-6 - -9)) + -3).
3
What is 1 + (-1 - -6 - 3)?
3
What is 4 + 0 + (10 - (10 - -1))?
3
What is the value of 31 + -28 - (-5 - -2)?
6
What is the value of -1 + (-1 - -3) + 2?
3
What is -3 + 10 + -1 + -12?
-6
What is the value of -3 + (-1 - 4 - (-2 - 1))?
-5
2 + -4 + (1 - -5) + 0
4
Calculate 5 - 11 - (0 - 2).
-4
-1 + 1 + (-1 - -2)
1
What is the value of (-1 - -1) + -2 + (-105 - -107)?
0
Calculate -10 - (-6 + (6 - 13)).
3
Evaluate (-2 - (-6 + 0)) + 4 + -8.
0
What is -10 - -8 - (-2 + 0)?
0
What is -7 - (0 - -4) - -8?
-3
Evaluate 3 + (4 - (-3 - -11)).
-1
Calculate 3 + 5 + -4 - 4 - -4.
4
Calculate 2 - (5 + (-9 - 4) + 4).
6
-6 - 0 - (-12 - -3)
3
Calculate (13 - 3) + 13 + (-29 - -8).
2
3 - ((2 - 3) + 3)
1
Evaluate 7 + (1 + 0 - (-1 + 0)).
9
-1 + (-3 + 4 - 1) - -7
6
0 - (3 - 3 - 0 - -4)
-4
0 - (0 - 0) - (35 + -38)
3
What is the value of (3 + 0 + -1 - 0) + 2?
4
What is -10 + (-1 - -9 - (-6 - -8))?
-4
Calculate 4 + -5 - (-3 + 0).
2
What is (0 + -1 - -1) + 2?
2
What is the value of -3 + 9 + (-1 - -1) - 1?
5
Calculate 5 + -1 + -13 + (3 - 2).
-8
Calculate -4 + -2 + -1 + 12.
5
Evaluate 0 - -1 - (0 + (2 - -4)).
-5
What is the value of 6 + (-3 - -9) + -7 + -2?
3
Calculate 16 + -7 + (0 - 5).
4
What is -3 + 8 + (-8 - -4)?
1
1 + -12 + (-88 - -93)
-6
(-6 - 0) + (-174 - -181)
1
1 + (4 - (8 + -3))
0
What is the value of -1 + -5 - (-1 + (-5 - -4))?
-4
2 - (3 - (3 + -4))
-2
-1 + (-5 - 1) + 2
-5
(4 - 9) + 3 - -3 - 6
-5
Evaluate 0 + 5 - (0 + 1 + 1).
3
What is the value of (-3 - (4 + -8)) + 4?
5
-10 + 19 + -21 - (1 - 6)
-7
Evaluate -5 + 4 - (8 + -13).
4
Evaluate -6 + 10 - (-1 + 0) - 11.
-6
What is the value of 4 + -7 + (-2 - (-8 - -2))?
1
Evaluate 9 - (3 - (4 - 9)).
1
What is the value of -4 - (2 + (2 - 6))?
-2
Evaluate -8 + -2 - (5 + -3 - 7).
-5
Calculate (-35 - -32 - (-3 - 0)) + 3.
3
Calculate 5 - (4 - 3 - -7).
-3
What is 6 + -3 - 2 - (-3 + 0)?
4
Calculate -3 - (-8 + 2 + -5 + 2).
6
Evaluate 0 + (-2 - (-2 + (-1 - 0))).
1
What is -8 + -1 - (-15 + 9)?
-3
-49 + 51 - (2 + 1 - 2)
1
Evaluate 0 + 8 + (-2 - 3).
3
What is 1 - -9 - (-42 - -45)?
7
-7 + (-2 - -6) + 5
2
Calculate (-5 - 0 - -6) + -5.
-4
What is the value of (2 - 7) + (1 - -4)?
0
Evaluate 36 + -37 + 4 + -1.
2
What is the value of -1 - (-5 + -2 + 19 + -16)?
3
Evaluate -1 + -1 + 2 + -3 + 8.
5
What is -5 - (24 - 10) - -11?
-8
What is (1 - -3 - 4) + -1?
-1
5 + 15 + -6 - 9
5
Calculate -6 - (5 + (-12 - 6)).
7
Evaluate -9 - -9 - (-4 - -2 - -6).
-4
Evaluate (-1 - 6) + (25 + -12 - 12).
-6
-1 + -2 - (-2 - (-4 - -2))
-3
What is (-2 - -20) + -20 - (-1 + 0)?
-1
What is the value of (-2 - -2) + -1 + (2 - -1)?
2
Calculate -8 - (0 + -8) - (-4 - -1).
3
Calculate -1 + (0 - (-2 - (-2 - 0))).
-1
What is 4 - 9 - 6 - (1 - 6)?
-6
(0 - (-2 - -2)) + (-65 - -60)
-5
-16 + 17 + (1 - 1) - 1
0
Calculate 8 + -12 - (1 + (-3 - -4)).
-6
-43 + 52 - (5 - 1)
5
What is the value of 0 - (-5 - -5) - -5?
5
Calculate -7 - (55 + -59 - (4 - -1)).
2
Calculate 4 - (-6 + 0 + 6).
4
What is 4 + (1 + 0 - 0)?
5
7 - (3 + -13 + 9)
8
-3 + (-4 + 4 - -5 - 4)
-2
What is 5 + ((-2 - 0) + 6 - 6)?
3
-8 + (2 - (-1 - 1))
-4
Calculate 5 + (-5 - (2 - 4)) - 5.
-3
What is the value of 13 - (16 - (6 - -3))?
6
Evaluate -1 + 0 - (-1 + 5 + -3).
-2
What is the value of 3 + -12 + (6 - 3) + 1?
-5
6 - ((14 - 7) + -2)
1
What is 1 + 1 + -3 + -1 + 4?
2
1 + 15 + (-10 - -1)
7
9 - (19 - 17 - (2 + -3))
6
What is -5 + (-7 + (7 - -3) - -6)?
4
Calculate (0 - 4) + (-17 - -13) + 4.
-4
Calculate (-5 - (-4 - 3)) + -3 + 1.
0
Evaluate 1 - ((6 - 0) + -1 + 0).
-4
-2 - -1 - (7 + -7 + -4)
3
What is the value of 8 + -7 + -3 - (0 + 4)?
-6
4 - 9 - (3 - (9 + -3))
-2
Calculate (-7 - 2 - -15) + 2.
8
Evaluate -12 - (-21 + 3 - -7).
-1
Evaluate (3 - 5) + 1 + 1 + -5.
-5
-45 + 40 - (-1 + 0)
-4
Calculate (-3 - -2) + 6 + 2 + -7.
0
What is 2 + -5 - (-1 + 0)?
-2
Calculate -9 + -4 + 1 - -4 - -4.
-4
Evaluate (-2 - -1) + 3 + -7 + 0.
-5
What is the value of -23 - -17 - (1 + 1 - 6)?
-2
Evaluate -2 + -16 + 0 + 13.
-5
(-8 - -1) + -3 + (-6 - -9)
-7
Evaluate 5 + (-10 - -5) - -4.
4
Calculate (-6 - -3) + 11 - 8.
0
What is the value of -2 - (-5 - -1 - -5)?
-3
What is the value of 1 + (-7 + 3 + 2 - 1)?
-2
What is -5 + 0 + 0 + 5?
0
What is -1 - -1 - (0 - (2 - -1))?
3
What is the value of -3 - (2 + (0 - 1) + -2)?
-2
Evaluate 8 + -14 + 2 - -5.
1
Evaluate -44 + 43 + 8 + -2.
5
What is (8 - (-2 + 2)) + -5 + 1?
4
Evaluate -2 + (-4 - (4 + (-14 - -1))).
3
What is the value of -3 - ((2 + -2 - 3) + -1)?
1
Evaluate -5 - (5 - (-1 + 16)).
5
0 + -8 - (-23 - (-22 + 6))
-1
Evaluate -3 - (-5 + -2 + 1).
3
Evaluate -14 - -19 - (0 + 1).
4
Evaluate 1 - (-2 - (-1 + 1)).
3
What is the value of -1 - -2 - (-36 + 39)?
-2
(4 - 8) + 5 + (2 - 0)
3
Evaluate 7 - (12 + -12 + 12).
-5
Calculate -1 + 4 - (-5 - (-5 - 4)).
-1
Calculate -3 + 0 - -5 - (5 + -6).
3
What is the value of (3 - (6 + -1)) + 1 + 6?
5
What is -11 + (9 - (-1 - 0))?
-1
Evaluate -17 - -24 - (2 + -2).
7
Evaluate (7 - 4 - -6) + -10.
-1
What is the value of 3 - (-3 + 1 - (0 - 5))?
0
Calculate 2 - (5 + (-4 - -4 - 8)).
5
3 + 1 + 4 + -3 + -1
4
What is the value of 9 + (-13 - -11 - (4 - 2))?
5
What is the value of -32 + 33 - (0 + (-3 - -12))?
-8
Evaluate -3 - -2 - -3 - 0.
2
15 + -1 + (-13 - -3)
4
What is -3 + (6 - (-8 - -1) - 8)?
2
What is (12 - 11) + 5 + (0 - 2)?
4
Evaluate -1 + -3 + 9 + -10 + 0.
-5
Evaluate 0 - -5 - ((1 - -4) + -3).
3
What is 7 - (21 + -7) - -5?
-2
Calculate 7 + 8 + (5 - 14).
6
-34 + 33 - (-1 - (0 + 3))
3
What is the value of 0 + -1 - (7 + -2)?
-6
Calculate -7 - -3 - (-5 - 3).
4
What is the value of -4 - (-4 - (0 + 7)) - 4?
3
Calculate (-2 - -2) + (5 - (3 - 3)).
5
Evaluate 5 + 0 + (0 - (3 - -8)).
-6
Calculate -16 + (8 - 3) + 3 + 15.
7
Evaluate -2 + -3 + 4 + -1.
-2
What is the value of (-9 - -3) + 9 + -8?
-5
What is the value of 0 - (-2 + -1 - -5)?
-2
Calculate 2 + (13 - (6 - (1 - 0))).
10
Calculate -12 - -8 - (-2 + -4).
2
What is 2 - (-3 - (-9 + 0))?
-4
-7 + -2 + 0 - -4
-5
6 + -1 + -5 + -1 + -4
-5
What is the value of -1 + 9 + (-11 - 2)?
-5
What is the value of 2 + -2 - (28 - 25)?
-3
Calculate (-4 - -10) + (4 - 1) + -5.
4
What is the value of -3 + 1 - (-3 - -1)?
0
What is the value of 10 - 1 - (-211 - -215)?
5
What is (2 + 0 - 5) + 7?
4
What is (-6 + -1 - 0) + 2?
-5
Evaluate (-1 + -5 - -6) + 2 - -5.
7
Evaluate -3 + (7 + 5 - 6).
3
Evaluate (4 - 1) + 0 + (-4 - -5).
4
Calculate (2 - 3) + -7 + 6.
-2
What is the value of 0 + -2 + 2 + (-16 - -14)?
-2
What is (2 - 2 - -5) + -9?
-4
What is the value of 21 + (-9 - 3) + -10?
-1
Calculate -9 - 1 - (-2 + -9).
1
-1 + -6 + -1 + -4 + 9
-3
(-6 + 7 - 9) + 7
-1
7 - (7 - (-4 - -8))
4
(-10 - -6) + 13 + -4
5
What is the value of -4 - (6 - 5 - 7)?
2
What is -1 - 4 - ((-7 - -10) + -4)?
-4
Evaluate -7 - (-10 - -5 - -9 - 8).
-3
What is -2 - (-4 + (-4 - -4))?
2
What is the value of -1 - ((-8 - -4) + 5)?
-2
Evaluate (-12 + 12 - (1 - 4)) + -8.
-5
What is (0 - 11 - -5) + (3 - -1)?
-2
Evaluate 3 + -2 - (-6 - -11).
-4
Calculate -4 + (9 - 2) - (4 - 5).
4
What is the value of 9 + (-12 + 13 - (0 + 5))?
5
What is (0 - -1) + (3 - 8) + 0?
-4
-6 - (2 - (-2 + 8))
-2
Evaluate 2 + 0 - (-1 + 2 + -3).
4
What is -10 - (-5 - (0 - -1))?
-4
-4 - -2 - (-8 + 3)
3
What is the value of 2 - (-3 - -6 - 6)?
5
Evaluate 7 - (-5 + 18 - 3).
-3
Calculate -4 + (2 - (3 - 2) - 2).
-5
11 + (-1 - -1) + -9 + 2
4
What is the value of -2 + (1 - (-9 - -2))?
6
What is -2 - ((3 - -5) + -20 + 6)?
4
What is 1 + -5 - (-2 - 0)?
-2
What is the value of (1 - 4 - 0) + 3 + -2?
-2
Calculate 1 + 5 - (14 - 6).
-2
4 + 